 h = 2 + -1. What is x(h)?
-4
Let p(x) = x + 4. Let k be (-109)/(-9) - (-8)/(-72). Suppose -4*j = 4, k = 5*y - 3*j + 49. Give p(y).
-4
Let k(i) = 229 - i**2 - 231 - 4*i + 12*i. Give k(4).
14
Let i = -208 + 122. Let h = i - -85. Let f(c) = -8*c. Give f(h).
8
Let f(r) = 8*r. Let t(u) = 40*u. Let q(d) = 16*f(d) - 3*t(d). Suppose -2 = -5*z + 13. Let a be ((-18)/3)/3 + z. Give q(a).
8
Let h be (-1 - 1/1) + 3. Let w be 6/2*12/18. Let d(y) = 9*y - w*y - 3*y - 3*y + 1. What is d(h)?
2
Let y(r) = 5*r**2 - 2*r - 1. Let i = 7 - 5. Suppose 0 = l - 3*z - 6, 3*l - 4*l - 6 = 3*z. Suppose l*m = m - i. Calculate y(m).
15
Let w(r) = 12*r**2 + r - 1. Let x be (0 - (-3 + 5)) + 37. Let j = 36 - x. Calculate w(j).
12
Suppose -2*h = -22*m + 23*m + 10, 0 = 5*m + 4*h + 38. Let i(y) be the second derivative of y**4/12 + 5*y**3/6 + 3*y**2 + y. Determine i(m).
12
Suppose 0 = -d + 5*c + 19, -4*d - 2*c + 1 = -7*c. Let j(p) = p**3 + 5*p**2 - 7*p - 8. Calculate j(d).
-2
Suppose -3*v - 20 = -8. Let n(l) = l**2 + l + 1. Let r be n(0). Let y(u) = -r + 2*u**2 + 2*u - u**2 - u. Give y(v).
11
Suppose -24 = 6*j - 2*j. Let d = -12 - j. Let m(w) = w**2 + 6*w + 9. Determine m(d).
9
Suppose 0 = -j, 4*j = -m - j + 3. Let z(s) = -2 - s + 0 + m. What is z(0)?
1
Let p(j) = j. Let c(i) = -i + 2. Let g(s) = -3*c(s) - 4*p(s). What is g(11)?
-17
Suppose 3*s - 2*s + 25 = 3*c, -2*c + 18 = -s. Let v(w) be the first derivative of 1/2*w**2 - 6*w + 3. Give v(c).
1
Suppose -2*m = 4*j + 22 - 56, -m + j = -2. Let p be (-10)/14 - 1 - 2/m. Let q(o) = 3*o + 1. Give q(p).
-5
Let w be (2/4)/((-7)/294)*-1. Let y(z) = -z + 28. Determine y(w).
7
Let v(l) = 11*l - 5*l - 10 + 13 + l**2. Let c(y) = -y**3 - 7*y**2 + 8*y - 6. Let m be c(-8). Give v(m).
3
Let u(z) = z**2 + 10*z + 12. Let a be u(-9). Let j(s) = 23*s**2 - 15*s**2 - 4*s - a - 9*s**2 + 0*s. Give j(-5).
-8
Let k(v) be the second derivative of -5*v**3/6 - 3*v**2/2 + 14*v. Suppose -5*i - 2*r - 15 = -5*r, -r = -i - 1. Let c be (-3)/i + 7/(-2). Give k(c).
12
Let x(c) be the second derivative of -c**5/20 + c**4/3 + c**3/3 + 2*c**2 + 11*c + 3. Give x(5).
-11
Let l be 5 + 2 + -2 - (-114 + 122). Let f(g) be the first derivative of 2*g**2 - 2*g - 1. Give f(l).
-14
Let a(k) = 2*k**2 - 2*k + 1. Let m be a(2). Let q be m - (-3 - -3) - 3. Let w(d) = d - 50 + d**3 + 45 - 3*d**q - 2*d**3. Give w(-4).
7
Let s(k) = 4*k**2 - 36*k + 4. Let b(j) = j**2 - 10*j + 1. Let o(a) = -7*b(a) + 2*s(a). What is o(-3)?
16
Suppose -z + 4*z - 15 = 0. Suppose h + 5*q = -28, -q = -z*h + 2*q. Let m(d) = 3*d**2 - 4 - 2*d + d + d**3 + 2*d. What is m(h)?
-7
Let i(g) be the third derivative of g**5/60 - 11*g**4/24 + 2*g**3/3 + 42*g**2. Calculate i(11).
4
Let u = 22 + -21. Let b(l) = -8*l**2 - 9*l**2 + 25*l**2 - 6*l**2. Give b(u).
2
Let a(k) = -k + 39 - 80 + 40. What is a(7)?
-8
Suppose 20*i + 138 = 18. Let a(x) = x**2 + x - 1. Let w(q) = -5*q**2 - 10*q + 4. Let r(p) = i*a(p) - w(p). Let m be 2/(-1) + (-16)/(-2). Determine r(m).
-10
Let j(f) = 47*f - 29. Let c(h) = -h**2 - 3*h - 1. Let y(r) = -2*c(r) + j(r). Determine y(-27).
0
Let y(n) be the third derivative of n**6/120 + 2*n**5/15 + 13*n**4/24 + n**3/3 + n**2 + 117*n. Calculate y(-6).
-4
Suppose 66*j - 4*a = 67*j - 9, -2*a + 18 = -4*j. Let c(b) = 2*b + 2 - 2 + 4. What is c(j)?
-2
Let k(u) = -8*u - 2. Let l(c) = -c**2 + 10*c - 21. Let p be l(5). Let v be 6 - (p - -4) - (1 - 1). Calculate k(v).
14
Let y be 0/(7/(28/16)). Suppose -3*g - 7 - 8 = y. Let r(z) = z**2 + 2*z**2 - 2*z**2 + 7 + 6*z - 3. Calculate r(g).
-1
Let y(u) be the first derivative of u**2 + u - 661. Calculate y(-4).
-7
Let g(m) = m. Let s(w) = 4*w + 2. Suppose -4*y = -2*d - 4, 3*y = -d + 4*d + 9. Let c(b) = y*s(b) + 6*g(b). Determine c(4).
6
Suppose -19 + 28 = -2*q + 3*b, -q - 4*b = -1. Let x(v) = -v**3 - 3*v**2 - 4*v + 1. What is x(q)?
13
Let n(b) be the first derivative of -b**3/3 - 2*b**2 - 6. Let s be -1*4*-1 - 2. Let t(r) = -2*r. Let x be t(s). Determine n(x).
0
Let d(n) = n - 8. Let u be -1 + 5 + -8 - -13. What is d(u)?
1
Let n be (-10)/(-25) - ((-38)/5 + 2). Let w(q) = 9*q**3 - 15*q**3 + 5*q**3 + 6*q - q - n*q**2 - 9. What is w(-7)?
5
Let b = -204 + 300. Let x be 20/35 - b/(-28). Suppose -2*o + x = -4. Let k(h) = -h**3 + 3*h**2 + 3*h + 1. What is k(o)?
-3
Let l(z) = -428*z + 429*z + 3 - 5. Give l(1).
-1
Let f(l) be the first derivative of -l**4/4 + 5*l**3/3 + 9*l**2/2 - 8*l - 171. Suppose -q + 3 = w, -2*w + 4*w - 21 = 3*q. Determine f(w).
10
Suppose -31 = 3*v - 13. Let z(l) = -4*l - 23. Give z(v).
1
Let y(r) = -15*r**2 - 31*r - 23. Let h(p) = 5*p**2 + 11*p + 8. Let a(l) = -17*h(l) - 6*y(l). Calculate a(2).
20
Let g(z) be the first derivative of -z**4/12 + 2*z**3 - 2*z**2 + 7. Let i(j) be the second derivative of g(j). Calculate i(8).
-4
Let o(h) = h**3 - 1. Let b(k) = -k**3 + 4*k**2 - 2*k + 1. Let j be b(3). Suppose 3*z - p + 10 = -17, -31 = j*z - 3*p. Let q = 12 + z. Give o(q).
7
Let j be (-2)/10 + (-238)/(-140)*6. Let i(p) = -p**2 + 11*p - 9. What is i(j)?
1
Let a(d) be the second derivative of -d**3/6 + 7*d**2/2 - 10*d - 14. Determine a(4).
3
Let y be (-2088)/1008 + (-2)/(-28). Let x(o) be the third derivative of -o**4/12 - o**2. Give x(y).
4
Suppose -3*d = -4*d - 4. Let y(r) = -3*r + 4. What is y(d)?
16
Let n(k) = 10*k + 3. Let u(d) = d**3 + 8*d**2 - d - 9. Let g be u(-8). Let z be n(g). Let j(m) = -m**2 - 10*m - 10. What is j(z)?
11
Suppose -3*z - 4*d - 14 = 0, 0 = -2*z + 3*d + 2*d - 17. Suppose 4*t - 2 = 6. Let x(c) = 7 + 6*c - c**2 + 0*c**t + 2*c**2. Determine x(z).
7
Let w(d) be the second derivative of -d**4/12 - 5*d**3/3 + 7*d**2/2 + 16*d - 4. Determine w(-8).
23
Suppose -5*m - 5*u - 60 = 0, 3*u - 10 = 4*m + 3. Let q = 9 + m. Let g(k) = 6*k**2 - 2*k**2 - 9 - 5*k**q. Give g(0).
-9
Let p(c) = -c**2 - 1. Let u(d) = d**3 + 10*d**2 + 6*d - 6. Let q(n) = 2*p(n) + u(n). Suppose l + 9 = 2*m, 5*l - 5*m - 13 = -53. Calculate q(l).
-1
Let o = 7 + -4. Suppose -3*p - 3*n + 21 = 0, 3*p - 23 = -3*n + n. Let t(w) = 1 + 6*w + 5*w - w**2 - p*w. Calculate t(o).
-2
Suppose g - 15 = -2*p + 31, 5*g = 3*p + 204. Let r = g + -39. Let c(x) = -8*x - 2 + 2*x**2 - x**r + 5*x + x. What is c(2)?
-6
Let n(s) = -s**3 + 6*s**2 - 4*s - 3. Suppose 0 = -q + 2 + 7. Let t be (3/4)/(q/36). Suppose -t*j = -6*j + 15. Calculate n(j).
2
Let u(p) = -p**3. Let o(b) = -989*b**2 - 14 - 23*b + 990*b**2 + 37. Let v be o(22). Determine u(v).
-1
Let f(r) = r**3 - 5*r**2 + 6*r - 2. Let z be 1/((-44)/12 + 3)*-2. Suppose -4*s + 13 = z*q, -5*q + 3 = s - 4*q. Give f(s).
6
Suppose -2*c + 7 = -1. Let b(k) = -3*k - 5. Let z(v) = 11*v + 15. Let d(q) = -7*b(q) - 2*z(q). Determine d(c).
1
Let y(i) = 5 + 2623*i**2 - 2644*i**2 - 3 - 4 + 24 - 37*i - i**3. Determine y(-19).
3
Let p(y) = y**2 - 3*y + 2. Suppose 4*h = 3*h - 1, 64 = -3*g + 5*h. Suppose 5*b = -75 + 200. Let r = g + b. Determine p(r).
0
Let s(b) = -27*b**3 + b**2 + 109*b - 28. Let c(d) = -7*d**3 + 28*d - 7. Let m(p) = 23*c(p) - 6*s(p). Calculate m(8).
55
Let x(s) = -s**3 - 3*s**2 + 2*s + 2. Let y = 72 - 54. Suppose -2*g = -4*l - y, -9 = 5*l - 2*g + 4*g. Calculate x(l).
-4
Let j(r) = 24*r + 22*r - 8 - 48*r - 2*r**2 + 9. What is j(2)?
-11
Let i(y) = 8*y**2 - 6 + 6*y - 1 - 3 + 4*y - y**3. Let p(z) = -z**2 - 13*z - 15. Let f be p(-10). Let m = f + -6. Determine i(m).
-1
Suppose 0 = -9*l - 6*l + 30. Suppose o - 6 = 2*y, l*o + 15 = 3*o - 5*y. Let d(c) = -c**2 - c + 12. What is d(o)?
12
Suppose -p = 3*p - 12. Suppose 4*a + 6 = -2*t + 2*a, -p*a + 27 = -3*t. Let o(b) = b**2 + 8*b + 4. Give o(t).
-8
Let g(y) = -2*y - 4. Let t(m) = 3*m**3 - 11*m**2 - 4*m - 2. Let k be t(4). Give g(k).
0
Let i be 4/2*-1*1. Let m(j) = 2*j**2 + 2*j. Let z be m(i). Let h(r) be the second derivative of -r**3/6 - 5*r**2/2 + r - 234. Calculate h(z).
-9
Let w = -39 - -43. Suppose 5*h + 5*u = 30, -3*h + 0*h + w = -4*u. Let g(q) = q**2 - 5*q + 5. Calculate g(h).
1
Let a(x) = -x**3 + 7*x**2 - 6*x + 8. Let d be (0 + 1)*(-2 - -1). Let g(b) = 6*b**2 - b - 1. Let q be g(d). Give a(q).
8
Let w(l) = -l**2 + l - 1. Let o(t) = t**3 + t**2 - 5*t + 1. Let f(v) = -o(v) - 6*w(v). What is f(5)?
0
Let y(z) be the second derivative of z**3/3 + 11*z**2/2 + 11*z - 4. Determine y(-12).
-13
Let b(m) = 0*m**2 + m**2 + 0*m**2 + 0*m - 2450 + 2447 + 6*m. Determine b(-7).
4
Let f(q) be the first derivative of -q**4/4 + 5*q